{"id":843,"date":"2022-05-16T23:53:21","date_gmt":"2022-05-16T23:53:21","guid":{"rendered":"https:\/\/todoenun.link\/web\/?page_id=843"},"modified":"2022-10-10T18:07:21","modified_gmt":"2022-10-10T18:07:21","slug":"terminos-y-condiciones","status":"publish","type":"page","link":"https:\/\/todoenun.link\/web\/terminos-y-condiciones\/","title":{"rendered":"T\u00e9rminos y Condiciones"},"content":{"rendered":"\t\t<div data-elementor-type=\"wp-page\" data-elementor-id=\"843\" class=\"elementor elementor-843\">\n\t\t\t\t\t\t\t\t\t<section class=\"elementor-section elementor-top-section elementor-element elementor-element-3e9ccafa elementor-section-boxed elementor-section-height-default elementor-section-height-default\" data-id=\"3e9ccafa\" data-element_type=\"section\" data-settings=\"{&quot;background_background&quot;:&quot;gradient&quot;,&quot;ekit_has_onepagescroll_dot&quot;:&quot;yes&quot;}\">\n\t\t\t\t\t\t<div class=\"elementor-container elementor-column-gap-default\">\n\t\t\t\t\t<div class=\"elementor-column elementor-col-100 elementor-top-column elementor-element elementor-element-4121341f\" data-id=\"4121341f\" data-element_type=\"column\" data-settings=\"{&quot;background_background&quot;:&quot;classic&quot;}\">\n\t\t\t<div class=\"elementor-widget-wrap elementor-element-populated\">\n\t\t\t\t\t\t\t\t<div class=\"elementor-element elementor-element-5a0c792d elementor-widget elementor-widget-text-editor\" data-id=\"5a0c792d\" data-element_type=\"widget\" data-settings=\"{&quot;ekit_we_effect_on&quot;:&quot;none&quot;}\" data-widget_type=\"text-editor.default\">\n\t\t\t\t<div class=\"elementor-widget-container\">\n\t\t\t<style>\/*! elementor - v3.12.1 - 02-04-2023 *\/\n.elementor-widget-text-editor.elementor-drop-cap-view-stacked .elementor-drop-cap{background-color:#69727d;color:#fff}.elementor-widget-text-editor.elementor-drop-cap-view-framed .elementor-drop-cap{color:#69727d;border:3px solid;background-color:transparent}.elementor-widget-text-editor:not(.elementor-drop-cap-view-default) .elementor-drop-cap{margin-top:8px}.elementor-widget-text-editor:not(.elementor-drop-cap-view-default) .elementor-drop-cap-letter{width:1em;height:1em}.elementor-widget-text-editor .elementor-drop-cap{float:left;text-align:center;line-height:1;font-size:50px}.elementor-widget-text-editor .elementor-drop-cap-letter{display:inline-block}<\/style>\t\t\t\t<h2><strong>T\u00e9rminos y Condiciones<\/strong><\/h2>\n<p>Condiciones generales sobre el uso del servicio<\/p>\n<p>todoenun.link es un servicio ofrecido por Bonuscreativo.com<\/p>\n<p>Estos T\u00e9rminos y Condiciones generales (Legales) son las reglas de uso aplicables al uso de este Sitio web y a los servicios ofrecidos por Bonus Creativo y comprados o a los que se accede a trav\u00e9s de este sitio por parte de los Abonados (Abonado). Cuando se presentan los t\u00e9rminos \u201cnosotros\u201d, \u201cnos\u201d, \u201cnuestro\u201d, refieren a Bonus Creativo. Cuando se hace referencia a &#8220;usted&#8221;, &#8220;su&#8221;, &#8220;suyo&#8221;, &#8220;usuario&#8221;, &#8220;cliente&#8221;, se alude a toda persona o empresa que acepte estos t\u00e9rminos y condiciones.<\/p>\n<p>Bonus Creativo con exclusivo y absoluto criterio, puede modificar estos Legales y cualquiera de sus pol\u00edticas incorporadas, en cualquier momento y sin previo aviso, estando vigentes inmediatamente despu\u00e9s de la publicaci\u00f3n en este sitio web.<\/p>\n<p>El uso de los servicios ofrecidos por Bonus Creativo presupone la aceptaci\u00f3n de estos t\u00e9rminos y condiciones generales.<\/p>\n<h4>1 &#8211; Contenidos<\/h4>\n<p>Los servicios contratados con Bonus Creativo deben ser utilizados exclusivamente con fines l\u00edcitos, cualquier contenido que se env\u00ede o publique a trav\u00e9s de los servicios de Bonus Creativo deber\u00e1 ser coherente con estos t\u00e9rminos y condiciones y con las reglamentaciones y\/o leyes locales, nacionales e internacionales pertinentes.<\/p>\n<p>Mientras utilice los servicios contratados con Bonus Creativo, el Abonado no podr\u00e1 en ning\u00fan caso:<\/p>\n<p>Divulgar o transmitir informaci\u00f3n ilegal, abusiva, difamatoria, racista, ofensiva, o cualquier otro tipo de informaci\u00f3n susceptible de objeci\u00f3n, ya sea mediante fotograf\u00edas, textos, banners publicitarios o enlaces a p\u00e1ginas externas;<\/p>\n<p>Publicar, transmitir, reproducir, distribuir o explotar cualquier informaci\u00f3n o software que contenga virus o cualquier otro componente da\u00f1ino;<\/p>\n<p><span style=\"font-style: inherit; font-weight: inherit; color: var( --e-global-color-text ); font-family: var( --e-global-typography-text-font-family ), Sans-serif;\">Se incluye en este punto tambi\u00e9n cualquier otra informaci\u00f3n que Bonus Creativo considere inapropiada seg\u00fan su absoluto y exclusivo criterio. Cualquier uso indebido de los servicios autorizar\u00e1 a Bonus Creativo a la suspensi\u00f3n o eliminaci\u00f3n de los servicios contratados y sus contenidos sin previo aviso, no haci\u00e9ndose responsable Bonus Creativo por cualquier p\u00e9rdida que esto implique.<\/span><\/p>\n<p>Para denunciar un servicio o dominio que este siendo utilizado para fines il\u00edcitos el canal de contacto es con nuestro Departamento de Investigaci\u00f3n a trav\u00e9s de: abuso@<span style=\"color: var( --e-global-color-text ); font-family: var( --e-global-typography-text-font-family ), Sans-serif; font-size: var( --e-global-typography-text-font-size ); font-weight: var( --e-global-typography-text-font-weight );\">todoenun.link<\/span><\/p>\n<p>El accionar en las denuncias recibidas estar\u00e1 sujeto a la evaluaci\u00f3n y criterio exclusivo de Bonus Creativo.<\/p>\n<h4>2 &#8211; Denegaci\u00f3n o cancelaci\u00f3n del servicio<\/h4>\n<p>Bonus Creativo se reserva el derecho a denegar o cancelar los servicios contratados por el Abonado con o sin notificaci\u00f3n previa si el Abonado incurre en cualquier conducta o actividad que Bonus Creativo considere abuso o violaci\u00f3n de alguno de los t\u00e9rminos, normas y condiciones aqu\u00ed expuestas y no responsabiliz\u00e1ndose de las consecuencias que pudieran resultar por este motivo.<\/p>\n<p>Esta situaci\u00f3n contempla tambi\u00e9n casos en los que se incurra en el uso indebido de la marca registrada Bonus Creativo o cualquiera de las otras marcas que son dominio de ella.<\/p>\n<p>Por acciones indebidas de uso, personal autorizado de Bonus Creativo podr\u00e1 suspender o cancelar servicios que incurran en acciones que puedan interferir en las funciones del servicio o de la seguridad de la informaci\u00f3n, afecten tanto a Bonus Creativo en particular como a los dem\u00e1s abonados en general.<\/p>\n<p>Se evaluar\u00e1 cada caso de suspensi\u00f3n y cancelaci\u00f3n de servicios en forma particular, seg\u00fan el criterio de Bonus Creativo.<\/p>\n<p>Adicionalmente, Bonus Creativo se reserva el derecho de denegar, cancelar, dar por terminado, suspender, bloquear o modificar cualquier acceso o servicio, para corregir errores; proteger la seguridad propia y de otros Abonados; intentar prevenir y detectar posibles fraudes; cumplir con normas o reglamentaciones locales, nacionales o internacionales; resolver disputas y otras situaciones que impliquen este tipo de accionar por parte de nosotros.<\/p>\n<h4>3 &#8211; Confidencialidad<\/h4>\n<p>Para poder acceder a los servicios y otras funciones del sitio de Bonus Creativo el Abonado deber\u00e1 crear una cuenta de cliente. El Abonado acepta que la informaci\u00f3n de la cuenta creada es exacta, actual y completa.<\/p>\n<p>Bonus Creativo mantendr\u00e1 la confidencialidad y la seguridad de la informaci\u00f3n facilitada por el abonado, incluyendo la que tenga relaci\u00f3n con el pago de servicios, tal como se describe en la Ley 25.326 de Protecci\u00f3n de Datos Personales.<\/p>\n<p>El Abonado es el \u00fanico responsable por la actividad de la cuenta, est\u00e9 o no autorizada por el Abonado. El Abonado es el responsable de mantener a resguardo la informaci\u00f3n de la cuenta, incluyendo, pero no limit\u00e1ndose a: n\u00famero de cliente, direcci\u00f3n de correo electr\u00f3nico y contrase\u00f1a de ingreso. Bonus Creativo recomienda que el Abonado peri\u00f3dicamente realice un cambio de contrase\u00f1a.<\/p>\n<p>Bonus Creativo se compromete a no enviar publicidad salvo aceptaci\u00f3n expresa por parte del Abonado. Se excluye la notificaci\u00f3n de cambio de precios o caracter\u00edsticas de los servicios ofertados o las notificaciones internas entre el Abonado y Bonus Creativo.<\/p>\n<p>Bonus Creativo no utilizar\u00e1 las listas de emails ni ninguna otra informaci\u00f3n almacenada en bases de datos por parte del Abonado, para ning\u00fan prop\u00f3sito fuera de las intenciones del Servicio, ni para enviar correos electr\u00f3nicos comerciales ni de ning\u00fan tipo.<\/p>\n<p>En caso de que el abonado deja de estar interesado en recibir publicidad de los servicios o productos de Bonus Creativo, debe seguir las instrucciones de descripci\u00f3n explicitadas en cada correo enviado (link de descripci\u00f3n) o puede enviar la solicitud de remoci\u00f3n de la lista a trav\u00e9s de un e-mail a abuso@<span style=\"color: var( --e-global-color-text ); font-family: var( --e-global-typography-text-font-family ), Sans-serif; font-size: var( --e-global-typography-text-font-size ); font-weight: var( --e-global-typography-text-font-weight );\">todoenun.link<\/span><\/p>\n<h4>4 &#8211; Sobre la compra de servicios en Bonus Creativo<\/h4>\n<p>No existe contrato de ninguna naturaleza entre Bonus Creativo y el Abonado.&nbsp;<\/p>\n<p>Los pagos de suscripci\u00f3n premium en&nbsp;<span style=\"color: var( --e-global-color-text ); font-family: var( --e-global-typography-text-font-family ), Sans-serif; font-size: var( --e-global-typography-text-font-size ); font-weight: var( --e-global-typography-text-font-weight );\">todoenun.link son a trav\u00e9s de&nbsp;<\/span><span style=\"font-style: inherit; font-weight: inherit; color: var( --e-global-color-text ); font-family: var( --e-global-typography-text-font-family ), Sans-serif;\">MercadoPago. Dicha acreditaci\u00f3n consiste en el env\u00edo de documentaci\u00f3n que permita a Bonus Creativo conocer la conformidad del propietario de los fondos enviados.<\/span><\/p>\n<p>En caso de no ser enviada o ser rechazada la acreditaci\u00f3n de identidad, Bonus Creativo se reserva el derecho de NO activar el servicio.<\/p>\n<p>Luego de efectuado el pago por el servicio, el mismo debe ser informado por email con el asunto &#8220;Informar Pago&#8221; con el fin de que se realice la activaci\u00f3n o renovaci\u00f3n de un servicio.&nbsp;<\/p>\n<p>Una vez que su pago sea verificado, le ser\u00e1 informado a trav\u00e9s de un correo electr\u00f3nico en su e-mail de contacto. En el caso de que su pago no pueda ser verificado por nuestro Dpto. Administrativo, este informe de pago ser\u00e1 eliminado, se enviar\u00e1 aviso por email y deber\u00e1 volver a informarlo adjuntando su comprobante de pago.<\/p>\n<p>Bonus Creativo se reserva el derecho a introducir modificaciones en las caracter\u00edsticas y precios de los planes y\/o servicios ofertados. Toda notificaci\u00f3n que afecte a las caracter\u00edsticas t\u00e9cnicas de los servicios ofertados tendr\u00e1 lugar directamente a trav\u00e9s de nuestras p\u00e1ginas web en Internet.<\/p>\n<h4>5 &#8211; Disponibilidad del servicio y p\u00e9rdida de datos<\/h4>\n<p>Por parte de Bonus Creativo se realizar\u00e1n todos los esfuerzos t\u00e9cnicos al alcance para intentar que los servicios prestados est\u00e9n disponibles 24&#215;365. El Abonado acepta que los servicios podr\u00edan no encontrarse disponibles en forma continua e ininterrumpida, por cualquier causa y que Bonus Creativo no asume responsabilidad alguna ante usted o ante terceros respecto de este punto.<\/p>\n<p>Bonus Creativo no se hace responsable por la p\u00e9rdida de datos en el servidor causada por usuarios, fallos en el sistema, actualizaciones en nuestros servidores o cualquier otra causa.&nbsp;<\/p>\n<h4>6 &#8211; Carga de archivos<\/h4>\n<p>Se comprende como alojamiento de archivos limit\u00e1ndose a los siguientes servicios:<\/p>\n<p>Las im\u00e1genes o videos cargadas en el sitio proporcionadas por el cliente no deben superar los 2MB.<\/p>\n<p>Contenido multimedia soportado:<\/p>\n<p>Videos de Youtube y Vimeo.<\/p>\n<p>Im\u00e1genes JPG, PNG y GIF.<\/p>\n<p>Contenido de los siguientes servicios: Instragram, Facebook, Twitter, SoundCloud, TripAdvisor y Ustream.<\/p>\n<p>Streaming de audio (radio on-line): A contratarse por separado.<\/p>\n<h4>7 &#8211; Legislaci\u00f3n Aplicable y Responsabilidad ante Abonados<\/h4>\n<p>Se acuerda la jurisdicci\u00f3n exclusiva de los tribunales comerciales de la Ciudad de Rosario, Santa Fe, Argentina, y la aplicaci\u00f3n de la ley de la Provincia de Santa Fe, Argentina para la presentaci\u00f3n de todo conflicto que pudiera surgir en la relaci\u00f3n comercial entre Bonus Creativo y el Abonado. El Abonado acepta que cualquier medida relacionada con o derivada del servicio se llevar\u00e1 ante los tribunales de la Ciudad de Rosario, Provincia de Santa Fe, Rep\u00fablica Argentina.<\/p>\n<p>Bonus Creativo no se responsabiliza de da\u00f1os o perjuicios derivados del acceso, uso o mala utilizaci\u00f3n de los contenidos del servicio adquirido a trav\u00e9s de nuestra web.<\/p>\n<h4>8 &#8211; Pagos y Vencimientos<\/h4>\n<p>TERMINOS GENERALES<\/p>\n<p>El Abonado deber\u00e1 abonar en forma anticipada, todos y cada uno de los precios y tarifas correspondientes para la activaci\u00f3n y\/o renovaci\u00f3n de los servicios contratados o a contratar, en forma anticipada. Los pagos realizados a favor de Bonus Creativo no ser\u00e1n reembolsados al Abonado a\u00fan en los casos en que los servicios sean suspendidos, cancelados, transferidos antes de finalizar el periodo de servicio contratado o cualquier otro motivo.<\/p>\n<p>Bonus Creativo se reserva el derecho de cambiar o modificar los precios y las tarifas de los servicios, entrando en vigencia desde el momento de la publicaci\u00f3n en este sitio. En el caso de servicios ya existentes en el momento del cambio de precios, los mismos ser\u00e1n aplicados para la pr\u00f3xima renovaci\u00f3n.<\/p>\n<p>Bonus Creativo env\u00eda reportes mensuales de vencimientos, con informaci\u00f3n de los precios de renovaci\u00f3n, en el caso de que existiera un cambio en los mismos, despu\u00e9s de enviado dicho reporte, ser\u00e1n aplicadas las modificaciones, siendo lo indicado en el resumen mensual de vencimientos, meramente informativo y no determinante del precio de los servicios.<\/p>\n<p>Bonus Creativo brinda al Abonado hasta 7 d\u00edas posteriores al vencimiento del servicio para realizar el pago luego de la fecha de renovaci\u00f3n. Ante el incumplimiento de pago a los 7 d\u00edas de la renovaci\u00f3n, se suspender\u00e1 el servicio de manera temporal.<\/p>\n<p>Para la reactivaci\u00f3n se deber\u00e1 abonar el importe correspondiente al costo de renovaci\u00f3n del servicio y el mismo ser\u00e1 reactivado s\u00f3lo una vez que sea verificada la acreditaci\u00f3n del pago.<\/p>\n<p>Ante la falta de pago a 10 d\u00edas corridos posteriores a la fecha de vencimiento, Bonus Creativo realizar\u00e1 la cancelaci\u00f3n definitiva del servicio con la correspondiente eliminaci\u00f3n de toda la informaci\u00f3n que haya alojado el Abonado en el servidor, perdiendo todo derecho a reclamo por la informaci\u00f3n eliminada.<\/p>\n<p>ADICIONALMENTE<\/p>\n<p>Para dar de baja un servicio en Bonus Creativo, el Abonado deber\u00e1 ingresar a su cuenta y solicitar y confirmar la misma desde &#8220;eliminar cuenta&#8221;. Puede hacerlo en cualquier momento del plan perdiendo el derecho sobre el per\u00edodo no utilizado y la informaci\u00f3n eliminada a partir de la confirmaci\u00f3n de la baja. El abonado contar\u00e1 con seis d\u00edas a partir de la suspensi\u00f3n del servicio para acreditar el pago al precio de renovaci\u00f3n fijado por Bonus Creativo.<\/p>\n<p>Si el Abonado se encuentra adherido al sistema de cobro recurrente o autom\u00e1tico y desea dejar de utilizar dicho medio de pago (o dar de baja el servicio adherido a \u00e9ste), deber\u00e1 solicitarlo por mesa de ayuda con un m\u00ednimo de diez (10) d\u00edas de antelaci\u00f3n a la fecha de vencimiento. De no cumplimentar con dicho requisito, deber\u00e1 esperar al siguiente vencimiento y perder\u00e1 los derechos a reclamo sobre el pago ya ingresado.<\/p>\n<p>MEDIOS DE PAGO<\/p>\n<p>Bonus Creativo pone a disposici\u00f3n el pago recurrente de las suscripciones pagas a trav\u00e9s de Mercadopago.&nbsp;<\/p>\n<p>Los tiempos de acreditaci\u00f3n de las operaciones indicados por Bonus Creativo son estimados.<\/p>\n<p>El Abonado se compromete a cumplimentar el proceso de pago seg\u00fan los requisitos de cada medio particular, se trate de env\u00edo de informes de pago, comprobantes solicitados por personal autorizado, documentaci\u00f3n para acreditaci\u00f3n de identidad o lo que cada situaci\u00f3n requiera.<\/p>\n<p>El Abonado no podr\u00e1 efectuar reclamos ni solicitar reembolsos por pagos realizados que no hayan cumplimentado el procedimiento y se acate a los requerimientos del punto 15 de estos t\u00e9rminos y condiciones.<\/p>\n<h4>9 &#8211; Facturaci\u00f3n: ingreso de datos y cambios en facturas<\/h4>\n<p>GENERALIDADES<\/p>\n<p>El Abonado se compromete a informar y\/o mantener actualizados sus datos de facturaci\u00f3n v\u00eda email para la correcta confecci\u00f3n de los comprobantes fiscales. Una vez realizado un pago a Bonus Creativo por una suscripci\u00f3n, el Abonado podr\u00e1 informar o modificar los datos de facturaci\u00f3n v\u00eda email, dentro del mes calendario de realizado el pago. En caso de requerir un cambio dentro de este plazo, podr\u00e1 realizarlo desde el correo soporte@todoenun.link<\/p>\n<p>Si el Abonado no actualizara los datos para facturaci\u00f3n, el comprobante ser\u00e1 emitido con los \u00faltimos datos registrados o a consumidor final y no ser\u00e1n modificadas facturas de pagos que hayan excedido el plazo estipulado.<\/p>\n<p>OPCIONES DE FACTURACION<\/p>\n<p>Para Abonados residentes de Argentina, independientemente del medio de pago utilizado, se recibir\u00e1 por defecto Factura C.<\/p>\n<h4>10 &#8211; Money Back (Derecho a reembolso)<\/h4>\n<p>El derecho a solicitar el reembolso del dinero entregado a Bonus Creativo como pago por los servicios prestados, para ser<span style=\"font-style: inherit; font-weight: inherit; color: var( --e-global-color-text ); font-family: var( --e-global-typography-text-font-family ), Sans-serif;\">&nbsp;considerada, se deben cumplir los siguientes requisitos:<\/span><\/p>\n<p>La solicitud debe ser recibida por Bonus Creativo antes de cumplirse los primeros 30 d\u00edas del servicio original. En el caso de modificaciones en el plan, se tomar\u00e1 la fecha de compra del primer servicio.<\/p>\n<p>El plan por el cual es solicitado el MoneyBack debe encontrarse ACTIVO. Para que sea verificada la opci\u00f3n de MoneyBack NO debe solicitar la baja del servicio antes o durante la solicitud de reintegro.<\/p>\n<p>La solicitud debe estar basada en hechos justificables donde se compruebe que el solicitante ha sufrido inconvenientes t\u00e9cnicos con el servicio prestado por Bonus Creativo<\/p>\n<p>Una vez recibida la solicitud de reembolso y habi\u00e9ndose cumplimentado con los requisitos previamente expuestos, Bonus Creativo evaluar\u00e1 la solicitud y en caso de corresponder ser\u00e1 reembolsada la suma correspondiente a trav\u00e9s de un medio convenido.<\/p>\n<p>La suma del reembolso no incluir\u00e1 montos de gastos por comisiones que se aplican en las distintas formas de pago as\u00ed como cualquier otro gasto financiero relacionado con el pago que se solicita reembolsar, descont\u00e1ndose el total correspondiente del total de la operaci\u00f3n.<\/p>\n<p>En caso de pedidos de reembolso de pagos realizados err\u00f3neamente a favor de Bonus Creativo a trav\u00e9s de cualquier medio de pago, ser\u00e1n evaluados debidamente en forma particular, aceptando el Abonado que en caso de que se acceda al reintegro, ser\u00e1n descontados todos los gastos administrativos y financieros pertinentes.<\/p>\n<h4>11 &#8211; Pol\u00edtica Anti-Phishing<\/h4>\n<p>Suspensi\u00f3n y\/o cancelaci\u00f3n de servicio ante detecci\u00f3n de phishing desde un enlace creado en todoenun.link.<\/p>\n<p>Entendiendo por &#8220;phishing&#8221; la modalidad relacionada con la obtenci\u00f3n de informaci\u00f3n para la realizaci\u00f3n de una estafa y\/o robo de identidad, toma de informaci\u00f3n tal como n\u00fameros de tarjetas de cr\u00e9dito, contrase\u00f1as, informaci\u00f3n de cuentas u otros datos personales, por medio de enga\u00f1os. Este tipo de fraude se recibe habitualmente a trav\u00e9s de mensajes de correo electr\u00f3nico o de ventanas emergentes.<\/p>\n<p>Si cree que ha sido v\u00edctima de &#8220;phishing&#8221;, proceda del siguiente modo:<\/p>\n<p>Informe inmediatamente del fraude a Soporte t\u00e9cnico desde su \u00e1rea de cliente:<\/p>\n<p>Proporcione los detalles del estafador, como los mensajes recibidos, a la autoridad competente a trav\u00e9s del Centro de denuncias de fraude en Internet http:\/\/www.ic3.gov. Este centro trabaja en todo el mundo en colaboraci\u00f3n con las autoridades legales para clausurar con celeridad los sitios Web fraudulentos e identificar a los responsables del fraude.<\/p>\n<p>Si cree que su informaci\u00f3n personal ha sido robada o puesta en peligro, tambi\u00e9n debe comunicarlo a la FTC http:\/\/www.ftc.gov<\/p>\n<p>Los sitios web que sean utilizados con este prop\u00f3sito ser\u00e1n considerados caso por caso. Generalmente se proceder\u00e1 a la suspensi\u00f3n inmediata del mismo, donde verificaremos:<\/p>\n<p>Si es el cliente responsable directo, la suspensi\u00f3n ser\u00e1 definitiva e irreversible.<\/p>\n<p>Si han utilizado vulnerabilidades en aplicaciones instaladas en su espacio web con este prop\u00f3sito, deber\u00e1 comprometerse a corregirlas y borrar los archivos maliciosos de su web. En caso de reincidir, para que su sitio sea reactivado deber\u00e1 abonar la multa correspondiente a U$S20, comprometi\u00e9ndose nuevamente a corregir las vulnerabilidades y borrar los archivos maliciosos de su sitio.<\/p>\n<p>Si luego de ello su cuenta es utilizada nuevamente con este prop\u00f3sito procederemos a la cancelaci\u00f3n definitiva e irreversible de la misma.<\/p>\n<p>Para denunciar un servicio o dominio que este siendo utilizado para fines il\u00edcitos comun\u00edquese con nuestro Departamento de Investigaci\u00f3n a trav\u00e9s de: abuso@todoenun.link<\/p>\n<h4>12 &#8211; Comunicaci\u00f3n con Soporte T\u00e9cnico, Atenci\u00f3n al cliente y Gesti\u00f3n de Calidad<\/h4>\n<p>El canal habilitado por el cual todos nuestros clientes gozan de Soporte T\u00e9cnico y Administrativo es el \u00e1rea de contacto.<\/p>\n<p>Cada cliente activo puede comunicarse con Bonus Creativo desde la p\u00e1gina de contacto a la cual puede acceder en forma directa desde: https:\/\/todoenun.link\/web\/contacto o directamente desde email a la casilla soporte@todoenun.link<\/p>\n<p><span style=\"font-style: inherit; font-weight: inherit; color: var( --e-global-color-text ); font-family: var( --e-global-typography-text-font-family ), Sans-serif;\">El Soporte T\u00e9cnico es brindado 24x7x365 y las consultas administrativas ser\u00e1n respondidas de lunes a viernes de 8 a 18 y s\u00e1bados de 9 a 14, horario de Argentina.<\/span><\/p>\n<p>El horario de atenci\u00f3n del Departamento de Gesti\u00f3n de Calidad de Bonus Creativo es de lunes a viernes de 8 a 22 horas de Argentina.<\/p>\n<p>Quedan habilitados los siguientes medios para poder generar denuncias de abuso: abuso@todoenun.link, WhatsApp: +54 341 749-3962. Una vez recibida la misma se evaluar\u00e1 el caso y dentro de las 24 horas h\u00e1biles se brindar\u00e1 una respuesta.<\/p>\n<p>Al contratar nuestros servicios usted declara conocer y aceptar estas pol\u00edticas de uso.<\/p>\n<p>Las condiciones y normas aqu\u00ed enunciadas podr\u00e1n ser modificadas por parte de Bonus Creativo, notific\u00e1ndolo por los medios que considere necesarios, incluido Internet.<\/p>\n<p>Al contratar nuestros servicios usted declara conocer y aceptar estas pol\u00edticas de uso.<\/p>\n<h4>13 &#8211; GDPR e informaci\u00f3n para ciudadanos de la Comunidad Europea<\/h4>\n<p>El GDPR es una ley de privacidad de la Uni\u00f3n Europea que afectar\u00e1 a las empresas de todo el mundo. Entrar\u00e1 en efecto el 25 de Mayo de 2018. Regula la forma en la que cualquier organizaci\u00f3n usa o almacena los datos personales de los ciudadanos de los pa\u00edses miembros de la comunidad europea, incluidas las organizaciones situadas fuera de la UE.<\/p>\n<p>Si recopilas, cambias, transmites, utilizas o almacenas datos personales de ciudadanos de la UE, deber\u00e1s cumplir con el GDPR.<\/p>\n<p>El GDPR reemplazar\u00e1 una directiva m\u00e1s antigua sobre privacidad de datos, la Directiva 95\/46\/CE, e introduce algunos cambios importantes que pueden afectar a los usuarios de Bonus Creativo.<\/p>\n<p>En Bonus Creativo, estamos comprometidos a lograr el cumplimiento del GDPR en 2018 por lo que estamos actualizando nuestras pol\u00edticas de procesamiento de datos.<\/p>\n<p><strong>\u00daltima actualizaci\u00f3n: 20 de Septiembre de 2022<\/strong><\/p>\t\t\t\t\t\t<\/div>\n\t\t\t\t<\/div>\n\t\t\t\t\t<\/div>\n\t\t<\/div>\n\t\t\t\t\t\t\t<\/div>\n\t\t<\/section>\n\t\t\t\t\t\t\t<\/div>\n\t\t","protected":false},"excerpt":{"rendered":"<p>T\u00e9rminos y Condiciones Condiciones generales sobre el uso del servicio todoenun.link es un servicio ofrecido por Bonuscreativo.com Estos T\u00e9rminos y Condiciones generales (Legales) son las reglas de uso aplicables al uso de este Sitio web y a los servicios ofrecidos por Bonus Creativo y comprados o a los que se accede a trav\u00e9s de este &hellip;<\/p>\n<p class=\"read-more\"> <a class=\"\" href=\"https:\/\/todoenun.link\/web\/terminos-y-condiciones\/\"> <span class=\"screen-reader-text\">T\u00e9rminos y Condiciones<\/span> Leer m\u00e1s &raquo;<\/a><\/p>\n","protected":false},"author":1,"featured_media":0,"parent":0,"menu_order":0,"comment_status":"closed","ping_status":"closed","template":"","meta":{"om_disable_all_campaigns":false,"_mi_skip_tracking":false,"site-sidebar-layout":"no-sidebar","site-content-layout":"page-builder","ast-global-header-display":"","ast-main-header-display":"","ast-hfb-above-header-display":"","ast-hfb-below-header-display":"","ast-hfb-mobile-header-display":"","site-post-title":"disabled","ast-breadcrumbs-content":"","ast-featured-img":"disabled","footer-sml-layout":"","theme-transparent-header-meta":"","adv-header-id-meta":"","stick-header-meta":"","header-above-stick-meta":"","header-main-stick-meta":"","header-below-stick-meta":""},"aioseo_notices":[],"_links":{"self":[{"href":"https:\/\/todoenun.link\/web\/wp-json\/wp\/v2\/pages\/843"}],"collection":[{"href":"https:\/\/todoenun.link\/web\/wp-json\/wp\/v2\/pages"}],"about":[{"href":"https:\/\/todoenun.link\/web\/wp-json\/wp\/v2\/types\/page"}],"author":[{"embeddable":true,"href":"https:\/\/todoenun.link\/web\/wp-json\/wp\/v2\/users\/1"}],"replies":[{"embeddable":true,"href":"https:\/\/todoenun.link\/web\/wp-json\/wp\/v2\/comments?post=843"}],"version-history":[{"count":125,"href":"https:\/\/todoenun.link\/web\/wp-json\/wp\/v2\/pages\/843\/revisions"}],"predecessor-version":[{"id":3677,"href":"https:\/\/todoenun.link\/web\/wp-json\/wp\/v2\/pages\/843\/revisions\/3677"}],"wp:attachment":[{"href":"https:\/\/todoenun.link\/web\/wp-json\/wp\/v2\/media?parent=843"}],"curies":[{"name":"wp","href":"https:\/\/api.w.org\/{rel}","templated":true}]}}